 the second derivative of -o**6/240 - 5*o**4/3 + o**2 + 4*o + 2. Let u(z) be the third derivative of p(z). What is u(1)?
-3
Let p(t) = 2*t + 7. Suppose 2*h - 3*l = 92, -3*l + 50 + 14 = h. Let u = -48 + h. Suppose -u*j + 10 = 2*v + 2, -v + 5*j - 31 = 0. What is p(v)?
-5
Let r = 50 + -29. Suppose -z - 5*l = r, -2*z + 5*l - 9 = 2*z. Let k(u) be the third derivative of -u**5/60 - 5*u**4/24 + 2*u**2 - 46. Determine k(z).
-6
Let s(r) = 20*r**2 - 161. Let h(v) = -6*v**2 + 55. Let u(d) = -7*h(d) - 2*s(d). Determine u(-6).
9
Let r be -17 - (-3 + 15 - 28). Let v(a) = 33*a**3 - 3*a**2 - a + 1. Calculate v(r).
-34
Suppose 10 = -22*m + 27*m. Let d = 2 + 0. Let k(w) = -m*w + 7*w**2 - w**3 + 3*w**2 - 15*w**d. Calculate k(-5).
10
Let h(g) = -g**2 + 10*g - 1. Suppose k - 4*i + 5*i = -197, -3*k = 2*i + 592. Let f = 208 + k. Give h(f).
-1
Let u be ((-6)/(-4))/((-6)/8) - -6. Let x(v) = -184*v - u*v**2 + 2 + 182*v + 3*v**2 + 0*v**2. Determine x(2).
-6
Let r(l) be the first derivative of -7*l**2/2 + 64. Suppose 0 = v + 10 - 6. What is r(v)?
28
Let j(k) be the second derivative of -11/6*k**3 - 2*k**2 - 1/6*k**4 + 8 + 3*k. What is j(-6)?
-10
Let s be 6 - (-1 - (6 - 10)). Let i(q) = -13*q**3 + 8*q**3 + 4*q**2 + 6*q**3 + s*q**2 - 6 - 9*q. Calculate i(-8).
2
Let j(v) = -46*v**2 + 10 + 5 - 5 - 28*v + 48*v**2. What is j(15)?
40
Let s be 3/(-3)*(4 - (3 + 3)). Let r(j) = 6 + j**s - 4*j + 11*j - 3*j. Let l be 26/(-6) - 3/((-54)/(-12)). Determine r(l).
11
Suppose 4*q = j - 6*j + 6, 16 = 4*q. Let k(t) = -40*t**2 + 20*t - 392. Let w(m) = -72*m**2 + 36*m - 713. Let i(s) = 20*k(s) - 11*w(s). What is i(j)?
-37
Suppose o + 137 - 43 = 3*x, -5*x = 5*o + 430. Let g = o + 90. Let z(l) = -7*l**2 + l - 2. Calculate z(g).
-28
Let h(c) = 23*c - 539. Let m = -24709 + 24732. Determine h(m).
-10
Let l(q) be the third derivative of q**5/20 - 7*q**4/6 - 8*q**3/3 + 304*q**2. Calculate l(10).
4
Let k(c) = 11*c - 54. Let y(w) = 4*w**2 + 74*w + 109. Let b be y(-17). What is k(b)?
23
Let g(f) = -f**2 - 13*f - 10. Let n = 2357 + -2367. Determine g(n).
20
Suppose 2*x - 3 - 37 = 0. Suppose h = -4*h + x. Let y(t) = -t**3 - 109 - 5*t + 36 + 43 + 5*t**2 + 35. Determine y(h).
1
Let y = -109 - -241. Suppose 3*a = y - 108. Let s(n) = -n**3 + 9*n**2 - 9*n + 10. Give s(a).
2
Let a(q) = q**3 - 50*q**2 - 461*q - 191. Let z be a(58). Let f(l) = 3*l + 72. Give f(z).
21
Let t(n) = -3*n - 33. Let r be t(-15). Suppose -7*d + r = -9. Let b(h) = 8*h**2 - d*h**2 - 4*h**2 + 4 + 2*h. What is b(-3)?
7
Let r(y) = -25*y**3 + 7*y**2 + 64*y + 150. Let i(u) = -71*u**3 + 21*u**2 + 191*u + 428. Let t(g) = -6*i(g) + 17*r(g). Calculate t(12).
6
Let h(t) = -22*t. Let n(z) = 595*z. Let b(u) = 136*h(u) + 5*n(u). Let j = 11142 - 11141. Determine b(j).
-17
Let i(k) = -k + 2. Suppose 5*p = 2*p - 6, 4*q = -3*p - 18. Suppose -4*b + 2*c - 3*c = -11, 25 = 5*b + 5*c. Let l be (18 + -17)/((q/b)/(-3)). What is i(l)?
0
Let y be 2/(-6)*(8 - 35). Let i be y/(3/3*(-5 - -4)). Let m(x) = x**2 + 9*x + 4. Give m(i).
4
Let q(j) = 1126*j - 2278*j + 1151*j + 1. What is q(7)?
-6
Let p = 2717 - 2726. Let h(k) = k**2 + 4*k + 11. What is h(p)?
56
Suppose 5*a = 2*y + 22, 16 = a + 3*a. Suppose 0 = -0*v - 2*v - 2*v. Let d(x) = 3*x + 14*x + v + 8 - 9. What is d(y)?
-18
Let u(n) be the first derivative of n**3/3 - 3*n**2/2 - 5220. Calculate u(-8).
88
Suppose 3*g + 113 = f + 102, -2*g - 24 = -4*f. Let u(i) = -2*i**3 - 5*i**2 + 4. Determine u(g).
0
Let v(b) = b**3 - 26*b**2 + 32*b - 181. Let t be v(25). Let y(m) = -11*m + 14. Calculate y(t).
80
Let x(b) be the first derivative of b**2/2 - 6*b - 1. Let q be 8/(-7)*(-238)/136. What is x(q)?
-4
Let b(l) = -33*l - 52. Let d be b(-3). Suppose 3*v = 2*w - 11, 16 - d = 3*v + 2*w. Let n(f) = f**2 + 9*f + 8. Give n(v).
-6
Let u(h) = 10*h - 3. Let s(c) = 11*c - 4. Let f(p) = -2*s(p) + 3*u(p). Suppose d + 4 = 2*b, 2*b = b + d + 5. Determine f(b).
-9
Let k(m) = -5*m + 1. Let l(w) be the first derivative of -w + 1. Let v(h) = 5*k(h) + 5*l(h). Let t be 1 + -9 + (-12980)/(-590) + (-45)/3 + 2. What is v(t)?
-25
Let f = 5139 - 5158. Let l(a) = -6*a - 86. Give l(f).
28
Let m(d) = 2*d + 3. Let w(y) = y + 4. Let o(u) = 3*m(u) - 2*w(u). Let f be (18/(-12))/((-27)/(-4518)). Let s = -250 - f. What is o(s)?
5
Let p be (-1)/((-6)/249) - (-49)/(-98). Let k(q) be the third derivative of 0*q + p*q**2 + 0 - 1/12*q**4 + 7/6*q**3. Calculate k(-6).
19
Let j(m) = m**2 + 11*m + 11. Let k(z) = -z**3 + 7*z**2 + z - 23. Let p be k(5). Let s(y) = y + 24. Let c be s(0). Let f = c - p. Give j(f).
-13
Let g be (-2 - -3 - 0)*-7. Let a(k) be the first derivative of -2*k**3 - 1/4*k**4 + 4*k**2 - 8*k - 36. What is a(g)?
-15
Let b(j) be the second derivative of 2*j - 17 + 1/2*j**4 - 1/20*j**5 - 1/2*j**3 - 5/2*j**2. Give b(6).
-23
Suppose -3*o - 4*q - 5 = 31, -o = -5*q - 7. Let c(j) = 2*j**3 + 17*j**2 + 9*j + 13. What is c(o)?
5
Let w be (-36)/(-2)*16/96. Let g(z) = 2*z + z**2 + z**w - 8 - 10*z**2 + 0*z**3 - 10*z. Calculate g(10).
12
Let v(g) = 15*g**2 - 4*g - 2 - 17*g**2 + 1 - 7*g**3 + 2*g. Let y = -19 + 23. Suppose -f = -y*p + 7*p + 5, 3*f + 11 = -5*p. Give v(p).
6
Let r(d) be the first derivative of d**5/20 - 50*d**3 + 229. Let h(k) be the third derivative of r(k). Determine h(-1).
-6
Let z(s) = s**2 + 26*s + 16 - 6 - 14. Calculate z(-26).
-4
Let u(q) be the first derivative of -q**2 + 7*q + 1513. Calculate u(-6).
19
Let l(g) be the second derivative of g**6/120 - g**5/20 + g**3 + 29*g**2/2 + 231*g. Let y(o) be the first derivative of l(o). Give y(3).
6
Let v(d) = 25*d + 1. Let c be 2 - ((-4 - 0) + -2). Suppose -c = -10*b + 2. Give v(b).
26
Let n(s) be the second derivative of -1/2*s**2 - 11/6*s**3 + 29*s - 2. Give n(2).
-23
Let k(t) = t**2 + 2 - t**3 - 3*t + 2*t**2 - 3*t**2 + 2*t**2. Let m = -32815 - -32817. Determine k(m).
-4
Let k(y) = -6*y**2 + 5*y + 7. Let d = 186 - 185. Let r(t) = -t**2 + t + 1. Let c(x) = d*k(x) - 5*r(x). Determine c(2).
-2
Let o(p) = -8*p + 28. Let a(h) = -h**2 + 147*h - 425. Let q be a(3). Calculate o(q).
-28
Let y(j) = 22*j + 48. Let m be ((-6)/24)/(15/120). Give y(m).
4
Let w(d) = -7*d + 2. Let l(h) = h**2 - 5*h - 8. Suppose -18 = -2*j + f, -2*j - f = j - 22. Let v be (-4 + j)*15/10. Let s be l(v). What is w(s)?
16
Suppose 22 = 4*z + 2*g, 2*g - 1 = g. Let j(x) = 4*x - 2. Let t(l) = 4*l - 3. Let k(p) = 4*j(p) - 5*t(p). Calculate k(z).
-13
Let d(q) = 12*q + 3 - 9 + 12*q**2 - 23*q**2 + 12*q**2. Let s = 800 + -812. Calculate d(s).
-6
Let d(k) be the second derivative of -k**5/20 - k**4/12 + k**3/2 - 2*k**2 + 4*k + 5. What is d(1)?
-3
Suppose -368*d + 363*d - 23*p = -256, 52 = -4*d + 3*p. Let i(s) = 13*s + 23. Let x(g) = -6*g - 12. Let a(q) = 2*i(q) + 5*x(q). Give a(d).
2
Let a(i) = i**3 + 18*i**2 - 14*i + 24. Suppose 0 = -o + 3*g - 16, -125 = 5*o - 4*g - 34. Give a(o).
-71
Let s(g) = -g**3 + 6*g**2 - 4*g - 22. Let m be s(4). Let p(o) = -11*o**2 + 3*o - 11. Let w(x) = -13*x**2 + 3*x - 13. Let v(t) = m*p(t) + 5*w(t). Calculate v(4).
5
Let f(p) = -484 + 252 - p**2 - 4*p + 229. Let i be (-12)/(-30) + (-34)/10. Determine f(i).
0
Let f(w) be the first derivative of -2*w**3/3 + 11*w**2 + 20*w - 47. Give f(12).
-4
Let f(y) = y + 223. Let j(l) = 26. Let r(o) = 2*f(o) - 17*j(o). Suppose -2*k = -3*w - 4, -3*w + 0*k = -4*k + 2. Give r(w).
0
Let w(m) be the first derivative of m**2/2 - 18*m + 126. Let j = 6 + 3. Let t be 6 - j - (1 - 12). Determine w(t).
-10
Let x(f) = -9*f + 238*f**2 + 247*f**2 - 484*f**2 + 5. Let b(y) = -18*y**2 - 6*y + 5. Let i be b(1). Let u = i - -25. Determine x(u).
-13
Let w(y) be the first derivative of -9*y**2/2 - 82. Let m(l) = -26*l. Let b(q) = -5*m(q) + 14*w(q). Calculate b(3).
12
Let v(y) = -y**3 - y**2 - 2*y - 1. Let u = 34 + -32. Let q = -3 + u. Let o be q*(-4)/(-20) - 12/15. What is v(o)?
1
Let a(d) = -d**3 + 6*d**2 - 6*d. Let y be (3*-2)/(2/43). Let p(x) = -2*x**3 + 65*x**2 + 28*x + 41. Let g be p(33). Let u = g - y. What is a(u)?
-5
Let w(q) = q**2 - 5*q - 1. Let i be w(5). Let u(b) be the first derivative of -19*b**4/4 + b**2/2 - 20357. What is u(i)?
18
Let m(o) = -19 + 29 + 21*o - 19. Give m(1).
12
Let z(j) = 15*j**2 + 6*j - 5. Suppose -3*p + 3*r = 58 - 88, -3*r = 21. Give z(p).
148
Let g(u) = -308*u + 29. Let n(w) = -279*w. Let j(h) = g(h) - n(h). Calculate j(1).
0
Let y(z) = z**2 + 12*z + 7. Let f be -7*(